e 14, what is -1 - 17c87?
-17c88
In base 15, what is 3 + -1d35e22?
-1d35e1e
In base 6, what is 10124 - -20350515?
20401043
In base 5, what is 33 - -2244131?
2244214
In base 6, what is -241401041 + -2?
-241401043
In base 5, what is -10423314442 + -11?
-10423320003
In base 5, what is -14 - 22031131302?
-22031131321
In base 8, what is 407 + 31472?
32101
In base 13, what is -5a6606 - -199?
-5a643a
In base 16, what is -3 + -29103c4?
-29103c7
In base 11, what is 148 + -340970?
-340823
In base 11, what is 15529 + -336?
151a3
In base 7, what is 34 - 15460603?
-15460536
In base 16, what is -6de - 10ea8?
-11586
In base 5, what is -1132344 + -1001?
-1133400
In base 8, what is -2135172323 - 0?
-2135172323
In base 7, what is 36663540 + -165?
36663342
In base 4, what is 10002 - 2101213?
-2031211
In base 5, what is 3 + -142241223?
-142241220
In base 7, what is -1320213 + 125?
-1320055
In base 10, what is -1252035 - 447?
-1252482
In base 8, what is 3701715 - 205?
3701510
In base 15, what is -66 - aa177?
-aa1dd
In base 3, what is 2122000 + 122220002020?
122222201020
In base 14, what is -2370c - -b2?
-2363a
In base 3, what is 200111100111002220 + 0?
200111100111002220
In base 4, what is -210301033322 - 22?
-210301100010
In base 8, what is 7 + 2127360?
2127367
In base 7, what is 51363550 + 1?
51363551
In base 7, what is -3 - 4143120154?
-4143120160
In base 13, what is 179 - -78?
224
In base 6, what is -1135224 + -1204?
-1140432
In base 7, what is 415241053 + 10?
415241063
In base 7, what is -161 - -52512142?
52511651
In base 12, what is -141350 + 15?
-141337
In base 3, what is -120212 + 1021202012?
1021011100
In base 7, what is 63021 - 1365?
61323
In base 15, what is 25c0a8 - -6?
25c0ae
In base 12, what is 1b + -13112?
-130b3
In base 13, what is -221 - -78234?
78013
In base 5, what is 102002032 - 10233?
101441244
In base 4, what is -2012100213 - -301?
-2012033312
In base 3, what is 1211211 - 202200200000?
-202121211012
In base 10, what is 0 + 2237618?
2237618
In base 5, what is 30224410404 - -4?
30224410413
In base 8, what is -26 - -3006326?
3006300
In base 3, what is 10121201200210 + -102000?
10121201021210
In base 16, what is 19 - -dcb25?
dcb3e
In base 11, what is -387255 - -1a?
-387236
In base 10, what is -53641 + -59?
-53700
In base 9, what is -71078335 - -3?
-71078332
In base 7, what is -3 - 4312210?
-4312213
In base 13, what is 97 + -26b4b?
-26a84
In base 2, what is 101111000 - -10100001011111100101?
10100001100101011101
In base 11, what is 341a5 - 138?
34068
In base 8, what is -166077 - 22717?
-211016
In base 2, what is 1 - 10010000101000111010010011?
-10010000101000111010010010
In base 5, what is 10402121423 + 4?
10402121432
In base 2, what is -10000 - -1100111110010010110010111?
1100111110010010110000111
In base 4, what is -221310230 - 130?
-221311020
In base 2, what is 10010011111000100 - 11000100011?
10010000110100001
In base 14, what is -170611 + 1a?
-1705d5
In base 16, what is 3b9357 + -37?
3b9320
In base 14, what is 575a2 + 0?
575a2
In base 10, what is 5 + 44703604?
44703609
In base 16, what is 378a - 58a?
3200
In base 2, what is 10110000111011111000111 - -11?
10110000111011111001010
In base 16, what is e45ae - -83?
e4631
In base 16, what is -a672dc + 8?
-a672d4
In base 7, what is 142311646 - 12?
142311634
In base 2, what is 1101101111000010011000011001 - -10?
1101101111000010011000011011
In base 16, what is 24b63 + 1d4?
24d37
In base 6, what is -100 + -5013032?
-5013132
In base 5, what is 14022421044 - 1?
14022421043
In base 6, what is 3543423 - -5?
3543432
In base 5, what is -220 - 10044432?
-10100202
In base 2, what is 101 + 10100011110100011?
10100011110101000
In base 8, what is -12055 - -101075?
67020
In base 6, what is 2215 + 1240455?
1243114
In base 3, what is 100221212 - -21100?
101020012
In base 6, what is 2 - 505251331?
-505251325
In base 8, what is 237 - 30055?
-27616
In base 7, what is -100 - -411401445?
411401345
In base 14, what is 1b2d - -b80?
28ad
In base 3, what is 20 - 1212000102210?
-1212000102120
In base 10, what is -46408 - 11750?
-58158
In base 12, what is -1454833 - -7?
-1454828
In base 6, what is 1031301 - 453?
1030404
In base 13, what is -38c0 + -a6?
-3996
In base 11, what is 5 + -88416a1?
-8841697
In base 15, what is -1c16005 + 3?
-1c16002
In base 7, what is 1023626305 - 4?
1023626301
In base 7, what is -1605304 - -1403?
-1603601
In base 11, what is 15591 - 594?
14aa8
In base 7, what is 10050411 - 22?
10050356
In base 16, what is 8 + -135a416?
-135a40e
In base 15, what is 4 - -248e49?
248e4d
In base 14, what is -53239a - -3?
-532397
In base 16, what is 6d + -1c29?
-1bbc
In base 6, what is -1323 + 353512?
352145
In base 13, what is -387b + -537?
-40b5
In base 4, what is 3011103 + -21313023?
-12301320
In base 4, what is -1130032 + -213313?
-2010011
In base 12, what is -1 - -1576405?
1576404
In base 12, what is -990 + -6878?
-7648
In base 11, what is -1256 + 62977?
61721
In base 11, what is -318299 + 24?
-318275
In base 9, what is 4601 - 6351?
-1650
In base 4, what is 2131330 - -3121031?
11313021
In base 8, what is 50650 + 4717?
55567
In base 4, what is 23 + -33303232031?
-33303232002
In base 5, what is 1124123212 + 4?
1124123221
In base 5, what is -300340224331 - 10?
-300340224341
In base 5, what is 240140 - -2004321?
2300011
In base 3, what is -1221202 + 1002010012?
1000011110
In base 13, what is -492150 + -5?
-492155
In base 9, what is -412732 + 826?
-411805
In base 16, what is -5 - 38c560?
-38c565
In base 3, what is -1000020011021 + 221112?
-1000012012202
In base 7, what is 26 + 5460420?
5460446
In base 11, what is 44 + -205aa11?
-205a978
In base 9, what is -4823 + -866?
-5800
In base 3, what is -11 + 102120221100010?
102120221022222
In base 9, what is -475542506 - -4?
-475542502
In base 13, what is -1078938 - 44?
-107897c
In base 5, what is 403 - 110440341?
-110434433
In base 14, what is -8 + 9d523?
9d519
In base 4, what is 11130023020 + 110101?
11130133121
In base 2, what is -1110010100010 - -100010111101?
-1001111100101
In base 16, what is 108 - -c45a?
c562
In base 5, what is 1111 - 40302410?
-40301244
In base 5, what is -13024 - 242220?
-310244
In base 16, what is f9fd1d + -5?
f9fd18
In base 10, what is -13158665 + -5?
-13158670
In base 11, what is -26139 + -33?
-26171
In base 7, what is 3 - -1456563?
1456566
In base 13, what is -224 - 305cc?
-30823
In base 14, what is 3 + 1d87b0?
1d87b3
In base 4, what is -2021303331 + -31?
-2021310022
In base 11, what is 19a91a75 + -2?
19a91a73
In base 12, what is -49640a + 652?
-495978
In base 15, what is 1800aa + -10?
18009a
In base 3, what is -12210222121 - 1120?
-12211001011
In base 8, what is -2 + -1436065?
-1436067
In base 8, what is 13241562 + -3?
13241557
In base 6, what is -2 - -250205422?
250205420
In base 14, what is -36 + 2d6a18?
2d69c2
In base 13, what is -17b + -34b5?
-3663
In base 9, what is -12530 + 110535?
87005
In base 7, what is 1545 - -5623?
10501
In base 16, what is 8f1df + -f?
8f1d0
In base 15, what is 9 - -1184185?
118418e
In base 7, what is 5 + 63111100?
63111105
In base 8, what is -27 - -253345671?
253345642
In base 3, what is -1 + 20210210022101?
20210210022100
In base 3, what is 1000200 + -1220212122?
-1212211222
In base 4, what is -132123 + -221?
-133010
In base 3, what is -12 + -10100101122101012?
-10100101122101101
In base 10, what is -59532477 + 4?
-59532473
In base 15, what is -1678 + 10bc?
-5ab
In base 16, what is 38c0a - -1946?
3a550
In base 16, what is -8 + 8ba1fc?
8ba1f4
In base 16, what is -52733 + -2f2?
-52a25
In base 10, what is 19784460 - 0?
19784460
In base 15, what is 3a7c + 1aea?
5677
In base 3, what is 21020020010 - -12021212?
21102111222
In base 5, what is -41212 - -3312433?
3221221
In base 7, what is -205 + -560160?
-560365
In base 8, what is 113114117 - -3?
113114122
In base 6, what is 3221 + -140425?
-133204
In base 3, what is -102002222 + -1001001211?
-1110011210
In base 7, what is 34035032 + -1?
34035031
In base 5, what is -132233322 - 3223?
-132242100
In base 16, what is 3 + 256396?
256399
In base 8, what is -65277325 + -3?
-65277330
In base 13, what is -2139 + 18?
-2121
In base 8, what is 221 + -3757?
-3536
In base 12, what is 268230 + 1?
268231
In base 8, what is 637424 + -77?
637325
In base 3, what is -21122121 + -1011221?
-